In base 8, what is 2271 + -64?
2205
In base 9, what is -56828 + 1?
-56827
In base 14, what is -2ac + -51?
-31d
In base 3, what is 1 + -101021120220?
-101021120212
In base 13, what is 5 + 6566?
656b
In base 4, what is 2330012 + 11?
2330023
In base 9, what is 3 + -1751?
-1747
In base 2, what is 100101010101110 - 10001011?
100101000100011
In base 6, what is -5115 + -5?
-5124
In base 10, what is -1089996 + -3?
-1089999
In base 16, what is -1b8 - -161?
-57
In base 15, what is -da33 + 5?
-da2d
In base 6, what is 35443 + 2252?
42135
In base 10, what is -3323 - 11?
-3334
In base 4, what is 1113322 - 322?
1113000
In base 10, what is -4121 - -14?
-4107
In base 10, what is 252 - 118?
134
In base 10, what is -54320 - 3?
-54323
In base 3, what is 1 + 1101202212?
1101202220
In base 3, what is 1020000221 - 12?
1020000202
In base 8, what is 1264 - 357?
705
In base 12, what is -15a9b6 - 4?
-15a9ba
In base 3, what is -1002101022 - -120?
-1002100202
In base 15, what is -15b + 452?
2e6
In base 11, what is -a79914 - -3?
-a79911
In base 4, what is 2 - 3232331020?
-3232331012
In base 16, what is -161 - -1ab?
4a
In base 11, what is 1 + -6488?
-6487
In base 16, what is 443 - 5?
43e
In base 2, what is 100 + 1010100101101000?
1010100101101100
In base 14, what is -3b013 - 5?
-3b018
In base 8, what is 4 + 6451?
6455
In base 10, what is -5695 - -8?
-5687
In base 11, what is 2 + -144709?
-144707
In base 16, what is -c - -7a9?
79d
In base 13, what is 9690 + 3?
9693
In base 13, what is 258 + 44?
29c
In base 15, what is 35 + 22a6?
22db
In base 2, what is 11 + 10111001000011011?
10111001000011110
In base 10, what is -673 + -7?
-680
In base 9, what is 387 + -107?
280
In base 8, what is 612574 - -5?
612601
In base 15, what is 5 + -19c21?
-19c1b
In base 13, what is -5 - -76078?
76073
In base 14, what is b - 1d48d?
-1d482
In base 8, what is -121 - 556?
-677
In base 13, what is 387 + 19c?
556
In base 14, what is -b4a2 + 4?
-b49c
In base 15, what is -bda + 10?
-bca
In base 13, what is -5 + -1198a?
-11992
In base 11, what is -5 + 1819?
1814
In base 16, what is -11e - -359?
23b
In base 4, what is -200110030 + 10?
-200110020
In base 4, what is 130 + -2112?
-1322
In base 11, what is -14a - -2612?
2473
In base 15, what is -12d44 + 9?
-12d3a
In base 7, what is 3416 - 115?
3301
In base 14, what is 456d6 - d?
456c7
In base 12, what is 14 - -2550?
2564
In base 9, what is -13 + -261162?
-261175
In base 6, what is 410 - 124154?
-123344
In base 4, what is -2 - -301212102?
301212100
In base 11, what is 10774 + 13?
10787
In base 16, what is 170584 - -2?
170586
In base 13, what is 6 - 22ca4?
-22c9b
In base 14, what is 31a2 + -30?
3172
In base 15, what is -13dede - 2?
-13dee1
In base 12, what is -5 - 53a0?
-53a5
In base 15, what is -bc10 + -8?
-bc18
In base 10, what is 745 - -693?
1438
In base 2, what is -10 - 11111000001000?
-11111000001010
In base 10, what is 24470 - -2?
24472
In base 15, what is -1990b7 + 4?
-1990b3
In base 12, what is -606 + -6?
-610
In base 4, what is -233 - 132110?
-133003
In base 3, what is -2112 - 1102212?
-1112101
In base 5, what is -213310 - 12?
-213322
In base 5, what is -141 - -210330?
210134
In base 2, what is 0 - 10110011110011111100?
-10110011110011111100
In base 7, what is -3 + 42024?
42021
In base 4, what is 10 - -12030111?
12030121
In base 11, what is 5403 - -240?
5643
In base 3, what is 111020 - 112011?
-221
In base 9, what is -457712 + 7?
-457704
In base 16, what is -36 + 4e4a?
4e14
In base 7, what is -3 - -10016330?
10016324
In base 3, what is 121000212 - -10?
121000222
In base 6, what is -1 - 232134?
-232135
In base 14, what is -a0 + 47?
-57
In base 8, what is 161 - -36227?
36410
In base 7, what is -511645 + 5?
-511640
In base 2, what is -10 - -1001001101010110?
1001001101010100
In base 14, what is -208 + 49b?
293
In base 15, what is 2d + 1701?
172e
In base 14, what is -5 - 94a3?
-94a8
In base 12, what is -238a + -14?
-23a2
In base 10, what is 947 + 2587?
3534
In base 6, what is 0 - 1230313?
-1230313
In base 13, what is -1a + -61a?
-637
In base 10, what is 45663 + 2?
45665
In base 12, what is 937 - 397?
560
In base 15, what is 1 + 193e7?
193e8
In base 15, what is -551 - -1?
-550
In base 8, what is -2 + -5516?
-5520
In base 8, what is 162712 - -5?
162717
In base 8, what is 1657 + 24?
1703
In base 9, what is 13 - 3888?
-3875
In base 11, what is 2aaa25 - -5?
2aaa2a
In base 13, what is 193 + -4?
18c
In base 10, what is 9248 - 51?
9197
In base 4, what is 2 + -301332?
-301330
In base 7, what is 2550360 + 4?
2550364
In base 6, what is 3 + -12545?
-12542
In base 9, what is 25728383 + -2?
25728381
In base 2, what is 110101010111 - 101?
110101010010
In base 15, what is -16476b - 8?
-164774
In base 2, what is -100 - 1001100110000011010?
-1001100110000011110
In base 16, what is -20f9 + -8e?
-2187
In base 5, what is -120223 + 1123?
-114100
In base 2, what is -10111111110 - 11000?
-11000010110
In base 11, what is -39 - -430?
3a2
In base 16, what is -1089ef + 1?
-1089ee
In base 14, what is 180b - 5?
1806
In base 13, what is 2 - -8cb3?
8cb5
In base 13, what is 2 + 38b29?
38b2b
In base 4, what is 10101 - 3223313?
-3213212
In base 3, what is 2 + 111010111022?
111010111101
In base 4, what is 23221020 - -3?
23221023
In base 12, what is 345 + -108?
239
In base 6, what is -124 - -1130?
1002
In base 7, what is 1 + 1241053?
1241054
In base 15, what is -13bae8 - -1?
-13bae7
In base 7, what is -36012 - -5?
-36004
In base 15, what is 49 + 35d?
3a7
In base 10, what is 26 + 1914?
1940
In base 16, what is -93 - -12b9?
1226
In base 11, what is 23030 + -4?
23027
In base 6, what is 251335 - 0?
251335
In base 4, what is 13300023 + 11?
13300100
In base 14, what is -753 + -2?
-755
In base 8, what is 223 - 12304?
-12061
In base 8, what is -145256 - -11?
-145245
In base 3, what is 222112 - 10220?
211122
In base 10, what is -4 + -996093?
-996097
In base 14, what is -d3 + cb4?
bc1
In base 14, what is 7 - -311aa?
311b3
In base 5, what is -1 + -301300?
-301301
In base 15, what is 3 + 1eb47?
1eb4a
In base 3, what is -2122012122 - 1?
-2122012200
In base 3, what is 200 - 1012210?
-1012010
In base 14, what is -196 + -31?
-1c7
In base 15, what is 4666 + -5?
4661
In base 7, what is -615521 + 0?
-615521
In base 4, what is -1202313121 + 20?
-1202313101
In base 9, what is 42367 + 1?
42368
In base 14, what is 22 - 51234?
-51212
In base 4, what is -1 - 1222301?
-1222302
In base 15, what is -32b2 + -2?
-32b4
In base 8, what is 17264 + -3?
17261
In base 3, what is -2100210020 - 2020?
-2100212110
In base 4, what is -1013022 - 1311?
-1020333
In base 4, what is -11 + -22133323?
-22200000
In base 15, what is -8a081 - -a?
-8a076
In base 15, what is 3 + -6e34?
-6e31
In base 10, what is -973 + 11?
-962
In base 13, what is 11191 + -43?
1114b
In base 7, what is -36611 - 214?
-40125
In base 5, what is 141000 + -1?
140444
In base 3, what is 11 + -12201020?
-12201002
In base 12, what is -47 + 5401?
5376
In base 15, what is 6a1 - -36?
6d7
In base 3, what is 202 - -20111000?
20111202
In base 9, what is 232 - -3057?
3300
In base 2, what is -10111100111101 - 10?
-10111100111111
In base 11, what is 4028 + 33a?
4367
In base 16, what is 38e + 14?
3a2
In base 5, what is -130 + 413031?
412401
In base 11, what is 232aa + -76?
23234
In base 8, what is 25435 - -10?
25445
In base 2, what is 101010001 - 1111101110?
-1010011101
In base 6, what is -2533 - 22203?
-25140
In base 16, what is 59b6 - -10?
59c6
In base 8, what is 34132 - 2?
34130
In base 6, what is -1320 - 155?
-1515
In base 5, what is -114 - -20031?
14412
In base 13, what is 5 - -4984?
4989
In base 11, what is 4 - 13728?
-13724
In base 12, what is -2 - -101813?
101811
In base 11, what is -5325 + -351?
-5676
In base 12, what is 1 - 2222?
-2221
In base 9, what is 724 - -111?
835
In base 11, what is 5 + -120468?
-120463
In base 3, what is 201211022 + 0?
201211022
In base 12, what is 15691 - -23?
156b4
In base 11, what is 2 + 51279?
51280
In base 15, what is -d1 + 9b?
-35
In base 12, what is 4 - 1a8820?
-1a8818
In base 15, what is 665a - d?
664c
In base 5, what is -13342342 + -4?
-13342401
In base 4, what is 1003303 - -210?
1010113
In base 16, what is -553c - 0?
-553c
In base 12, what is -3 - -35a4?
35a1
In base 15, what is 47989 - -8?
47992
In base 12, what is 4b10 + -8?
4b04
In